digit of 22609555?
6
What is the hundreds digit of 1032443?
4
What is the tens digit of 583465?
6
What is the ten thousands digit of 23218613?
1
What is the hundreds digit of 607431?
4
What is the hundreds digit of 18644932?
9
What is the hundred thousands digit of 13741235?
7
What is the units digit of 6281?
1
What is the tens digit of 474728?
2
What is the hundreds digit of 298475?
4
What is the thousands digit of 772863?
2
What is the units digit of 5894074?
4
What is the ten thousands digit of 9193149?
9
What is the ten thousands digit of 7466876?
6
What is the hundreds digit of 185894?
8
What is the units digit of 406661?
1
What is the hundreds digit of 1801451?
4
What is the thousands digit of 204186?
4
What is the units digit of 161372?
2
What is the hundreds digit of 3294801?
8
What is the thousands digit of 1163739?
3
What is the hundred thousands digit of 9423229?
4
What is the hundred thousands digit of 11997364?
9
What is the millions digit of 31022091?
1
What is the hundred thousands digit of 1699479?
6
What is the units digit of 3066103?
3
What is the thousands digit of 5424777?
4
What is the units digit of 398215?
5
What is the ten millions digit of 13570509?
1
What is the units digit of 1370555?
5
What is the hundreds digit of 129523?
5
What is the hundreds digit of 5116058?
0
What is the hundreds digit of 2046469?
4
What is the millions digit of 11290056?
1
What is the ten thousands digit of 8883256?
8
What is the hundreds digit of 775158?
1
What is the millions digit of 1521679?
1
What is the hundreds digit of 910678?
6
What is the ten thousands digit of 7228771?
2
What is the millions digit of 33351300?
3
What is the hundred thousands digit of 3611605?
6
What is the hundreds digit of 1542398?
3
What is the thousands digit of 227960?
7
What is the ten thousands digit of 640805?
4
What is the tens digit of 789451?
5
What is the hundred thousands digit of 1154781?
1
What is the hundreds digit of 460799?
7
What is the thousands digit of 838193?
8
What is the thousands digit of 9370858?
0
What is the hundreds digit of 2005727?
7
What is the ten thousands digit of 16704091?
0
What is the hundred thousands digit of 199223?
1
What is the thousands digit of 880857?
0
What is the thousands digit of 1879207?
9
What is the hundreds digit of 517621?
6
What is the hundred thousands digit of 1331875?
3
What is the ten thousands digit of 488486?
8
What is the thousands digit of 370278?
0
What is the thousands digit of 1240630?
0
What is the hundreds digit of 851727?
7
What is the ten thousands digit of 93323?
9
What is the units digit of 13870706?
6
What is the tens digit of 26499844?
4
What is the millions digit of 1243373?
1
What is the ten thousands digit of 34577?
3
What is the tens digit of 6525914?
1
What is the hundred thousands digit of 6174338?
1
What is the units digit of 358649?
9
What is the hundred thousands digit of 6014422?
0
What is the units digit of 31628?
8
What is the units digit of 761239?
9
What is the thousands digit of 773740?
3
What is the ten thousands digit of 650131?
5
What is the units digit of 499015?
5
What is the units digit of 222728?
8
What is the hundreds digit of 7181853?
8
What is the thousands digit of 9784929?
4
What is the millions digit of 2125214?
2
What is the units digit of 283444?
4
What is the hundreds digit of 12801283?
2
What is the tens digit of 1381667?
6
What is the millions digit of 18958949?
8
What is the hundreds digit of 602546?
5
What is the tens digit of 193725?
2
What is the ten thousands digit of 918226?
1
What is the units digit of 171488?
8
What is the tens digit of 184769?
6
What is the hundreds digit of 334092?
0
What is the tens digit of 1587367?
6
What is the hundred thousands digit of 288948?
2
What is the tens digit of 552555?
5
What is the tens digit of 54781?
8
What is the tens digit of 4147170?
7
What is the thousands digit of 64125?
4
What is the ten thousands digit of 35632156?
3
What is the hundreds digit of 753064?
0
What is the thousands digit of 36496?
6
What is the hundred thousands digit of 353291?
3
What is the units digit of 138709?
9
What is the ten thousands digit of 433830?
3
What is the hundreds digit of 678115?
1
What is the thousands digit of 97690?
7
What is the units digit of 155371?
1
What is the units digit of 13320302?
2
What is the units digit of 12214909?
9
What is the hundreds digit of 10755237?
2
What is the millions digit of 3942976?
3
What is the hundreds digit of 881322?
3
What is the tens digit of 985715?
1
What is the units digit of 774588?
8
What is the ten thousands digit of 2194649?
9
What is the tens digit of 5566513?
1
What is the ten thousands digit of 485248?
8
What is the units digit of 31352633?
3
What is the ten thousands digit of 4548999?
4
What is the units digit of 91892?
2
What is the thousands digit of 689393?
9
What is the hundred thousands digit of 6722089?
7
What is the units digit of 8174922?
2
What is the hundred thousands digit of 6931288?
9
What is the thousands digit of 4925486?
5
What is the hundreds digit of 4139663?
6
What is the tens digit of 258328?
2
What is the ten thousands digit of 1132385?
3
What is the hundred thousands digit of 1121156?
1
What is the thousands digit of 392664?
2
What is the ten thousands digit of 59388?
5
What is the ten thousands digit of 4187085?
8
What is the tens digit of 2522454?
5
What is the units digit of 67893?
3
What is the hundreds digit of 7868936?
9
What is the millions digit of 5100373?
5
What is the tens digit of 537774?
7
What is the units digit of 85740?
0
What is the ten thousands digit of 785734?
8
What is the tens digit of 138060?
6
What is the thousands digit of 13991007?
1
What is the ten thousands digit of 146549?
4
What is the ten thousands digit of 136753?
3
What is the units digit of 179916?
6
What is the tens digit of 351579?
7
What is the tens digit of 480334?
3
What is the ten thousands digit of 4502641?
0
What is the thousands digit of 2371245?
1
What is the thousands digit of 253461?
3
What is the thousands digit of 5770489?
0
What is the thousands digit of 2660012?
0
What is the millions digit of 7990637?
7
What is the hundreds digit of 446955?
9
What is the hundred thousands digit of 588290?
5
What is the thousands digit of 4033111?
3
What is the thousands digit of 459201?
9
What is the units digit of 18185289?
9
What is the hundred thousands digit of 5962239?
9
What is the units digit of 31953163?
3
What is the ten millions digit of 12848887?
1
What is the millions digit of 1711618?
1
What is the ten thousands digit of 1314399?
1
What is the units digit of 1734879?
9
What is the ten thousands digit of 29841277?
4
What is the ten millions digit of 15579407?
1
What is the ten thousands digit of 875768?
7
What is the ten thousands digit of 616265?
1
What is the hundreds digit of 416685?
6
What is the tens digit of 6261630?
3
What is the tens digit of 288796?
9
What is the hundred thousands digit of 5285976?
2
What is the tens digit of 204381?
8
What is the tens digit of 141658?
5
What is the hundred thousands digit of 2272278?
2
What is the hundred thousands digit of 132330?
1
What is the thousands digit of 122671?
2
What is the ten thousands digit of 1917379?
1
What is the hundreds digit of 4512822?
8
What is the millions digit of 12297614?
2
What is the hundred thousands digit of 5765980?
7
What is the units digit of 106736?
6
What is the hundreds digit of 365734?
7
What is the thousands digit of 7084613?
4
What is the units digit of 219553?
3
What is the hundred thousands digit of 141320?
1
What is the ten thousands digit of 43244?
4
What is the thousands digit of 6939757?
9
What is the units digit of 1593059?
9
What is the hundreds digit of 9909729?
7
What is the ten thousands digit of 128903?
2
What is the tens digit of 21341979?
7
What is the hundred thousands digit of 10463940?
4
What is the hundreds digit of 19015716?
7
What is the hundreds digit of 4494514?
5
What is the hundreds digit of 72720?
7
What is the hundreds digit of 236550?
5
What is the units digit of 4764560?
0
What is the millions digit of 11870638?
1
What is the units digit of 117011?
1
What is the hundred thousands digit of 5365599?
3
What is the hundreds digit of 307548?
5
What is